and 3.
1
Let r = 2633 - 1451. What is the greatest common divisor of r and 6?
6
Let f be 8/20 + 1316/10. Let w be (-1)/(-1) + 12/4. Let k(v) = v**3 - 4*v**2 + 4*v - 4. Let c be k(w). Calculate the greatest common divisor of c and f.
12
Let c(h) be the first derivative of h**4/4 + 3*h**3 + 17*h**2/2 + 27*h - 43. Let q be c(-5). What is the greatest common divisor of q and 168?
42
Suppose -2 = 7*l - 23. Let u(j) = l*j**2 + 3*j + 6 - 2*j**2 + 2 - 2. Let c be u(-4). Calculate the greatest common divisor of c and 2.
2
Let y be (-180)/70*(-56)/3. What is the highest common divisor of y and 168?
24
Let n = 732 + -542. Calculate the highest common factor of n and 38.
38
Let p(y) = -336*y - 108. Let o be p(-2). What is the highest common factor of o and 18?
6
Let g = -406 - -426. Let j be 11 + -2*(-2)/(-4). Calculate the greatest common factor of j and g.
10
Let w be 2/9 + (-3640)/(-63). Suppose w*t - 55*t = 27. Calculate the greatest common divisor of 99 and t.
9
Let o be (217/21)/(52/12 - 4). What is the greatest common divisor of o and 1?
1
Suppose -2*z = f - 41 + 3, 0 = -3*z + 3*f + 57. Calculate the greatest common divisor of 1159 and z.
19
Suppose 0 = -5*q + 28 - 3. Suppose 4*n + q*n = 9. What is the greatest common divisor of n and 3?
1
Let s(d) = d**3 - 3*d**2 - 4*d - 3. Suppose -4*b + 10 = -18. Let x be s(b). What is the highest common divisor of 15 and x?
15
Suppose -4*j - 12*j = -14720. What is the highest common factor of j and 40?
40
Let l(y) = 2*y**2 + 4*y - 2. Let k be l(-5). Let s be ((-125)/15 + 5)/(125/(-9450)). What is the highest common factor of k and s?
28
Let z(c) = -c**3 - 12*c**2 - 5*c + 10. Let x be z(-11). Let a = -26 - x. Calculate the greatest common divisor of a and 12.
6
Let z be 24/4 + 3/(-3). Suppose a = 6*a - z. Suppose -n + 5*t = -0*n - 30, 4*t = 2*n - 30. Calculate the highest common factor of n and a.
1
Let v(m) = m + 7. Let i be v(-5). Let t(w) = 2*w**2 - 65*w - 80. Let k be t(34). Calculate the greatest common divisor of k and i.
2
Let q(x) = -124*x + 4. Let s(h) = 1. Suppose b + 3*b + 8 = 0. Let k(r) = b*s(r) + q(r). Let i be k(-1). Calculate the greatest common factor of 18 and i.
18
Let f be (-5 - 0)*1*(-31248)/90. What is the highest common divisor of 124 and f?
124
Let y(a) be the first derivative of 11*a**3/3 + 3*a**2 - 17*a + 38. Let u be y(3). What is the highest common divisor of u and 20?
20
Let m = -3 - -10. Let r be 342/(-21) + 2/m. Let a = r + 34. Calculate the highest common factor of a and 45.
9
Let p(b) = -b**2 + 4*b + 4. Let j be p(4). Suppose j = 2*m, -k = 5*m - 23 + 7. Suppose -k*w + 1 = -35. What is the highest common divisor of 3 and w?
3
Suppose 0 = a - 2*a + 3. Let k be (-3 - 24)*(-2)/a. Let t(w) = -w**3 + 3*w**2 + 7*w - 39. Let u be t(-4). What is the highest common factor of u and k?
9
Let b = 5 + -25. Let o = b - -24. Suppose o*a - 35 - 45 = 0. What is the greatest common divisor of 10 and a?
10
Let x(l) = -2*l**3 + 20*l**2 + 14. Let u be x(10). Let p = -7 + u. What is the greatest common divisor of 49 and p?
7
Suppose -o + 927 = -4*h, 4*o - 2*h - 3719 = 3*h. What is the greatest common divisor of 19 and o?
19
Suppose -2*p + 108 = -144. Let d(h) = -h**2 - 7*h + 8. Suppose 36 = -0*y - 6*y. Let r be d(y). Calculate the highest common divisor of r and p.
14
Let a = 5 + -1. Suppose -3*m + 17 = h, -99*h + 97*h = -m - 6. What is the highest common divisor of a and m?
4
Let c be -1 - (1 + -1 + -53). Suppose -26*r + 27*r + 4*l = 74, -4*l = 4*r - 308. Calculate the greatest common divisor of c and r.
26
Let i(z) = -z + 14. Let o be i(-6). Suppose -3*v = g - 5, -2*v - 5 = -4*g + 15. Suppose 3*c - 8 - 7 = v. Calculate the greatest common divisor of o and c.
5
Let o = 24 - 20. Suppose -6 = r - o. Let y be (-8)/(1/5*r). Calculate the greatest common factor of 8 and y.
4
Let y be 5*3 + -11 + 6. Let o(x) = -4*x - 2. Let v be o(-3). Calculate the greatest common divisor of y and v.
10
Suppose 4*u + 0*c - 3*c = 67, -3*u - c = -47. Let h = 4 + -5. Let i be (8 - 4) + h*2. Calculate the greatest common factor of u and i.
2
Let l = 75 - 109. Let g = l + 13. Let p = g - -43. Calculate the highest common divisor of p and 11.
11
Suppose 3*o - 63 - 51 = -3*d, 0 = -d - 3*o + 38. Calculate the greatest common divisor of d and 513.
19
Let f(s) = -2*s**2 + 10*s + 36. Let l be f(5). Calculate the greatest common divisor of l and 132.
12
Suppose 30*p = 27*p + 132. Calculate the greatest common divisor of p and 2.
2
Let x be (-128)/(-6)*45/12. What is the greatest common divisor of 48 and x?
16
Let b = 246 + -120. Let k(m) = m**2 + 18*m - 49. Let o be k(-21). Calculate the highest common factor of b and o.
14
Suppose f + 2*h - 3 = 0, -4*f = h - 0*h - 40. Let t = 11 - 1. Suppose -2*b + 76 = -k - k, t = -2*k. What is the greatest common divisor of f and b?
11
Suppose -3*b = -43 - 11. Let l = 17 - b. Let s be (-31 - -6)/(l + 0). Calculate the highest common factor of s and 275.
25
Let n be 27/(-18) + (-55)/(-2). Let q = n + -23. Calculate the highest common divisor of q and 48.
3
Let f(p) = 18*p - 4*p**2 - 12 - 10*p - p**3 - 6*p. Let d be f(-5). Suppose -d*j + 3 + 42 = 0. What is the highest common factor of j and 15?
15
Let c(i) = i**3 - 2*i**2 + 3*i - 2. Let b be c(2). Suppose 4*m = -b*j + 220, -5*m = 2*j - 10 - 103. What is the greatest common factor of j and 6?
6
Let f(q) = -q**3 - q**2 + 2*q + 391. Let h be f(0). What is the highest common divisor of 23 and h?
23
Suppose 10*g = -5*g + 18360. Calculate the highest common factor of 68 and g.
68
Let s = 4 - 16. Let j = s + 27. What is the highest common divisor of 5 and j?
5
Let z(j) be the second derivative of j**5/20 + 3*j**4/2 - 10*j**3/3 + 5*j**2/2 - 10*j + 2. Let c be z(-19). What is the highest common divisor of 96 and c?
24
Suppose 11*s - 70*s + 157707 = 0. What is the highest common divisor of 99 and s?
99
Let i = -247 + 371. Let r = i - 74. What is the highest common factor of r and 10?
10
Let a(b) = 8*b**2 + 513. Let o be a(0). What is the greatest common factor of o and 27?
27
Let h = 44 + -38. Suppose 3*c - 2*p - 2 = 7, 2*c - 4*p - h = 0. Suppose 60 = 4*x + c*g, 2*x - 6*x + 92 = -5*g. What is the greatest common divisor of 27 and x?
9
Let w = 2 + 17. Suppose s - 5*s = -156. Suppose 0 = -q + 113 + s. What is the greatest common divisor of w and q?
19
Suppose 0 = -26*w + 25*w - 4*c - 10, 0 = -w + 3*c + 18. Let i(p) = -p**3 + 2*p**2 + 5*p - 2. Let r be i(3). What is the highest common factor of r and w?
2
Suppose m = -3 + 2, -3671 = 5*p - 4*m. Let v be p/(-10)*(-48)/(-28). Calculate the highest common divisor of 14 and v.
14
Suppose 0 = 20*v - 23*v - 48. Let w = v - -34. Let g = 9 + 27. What is the highest common factor of w and g?
18
Suppose z = -3*z + 176. Let b = -471 + 475. What is the highest common divisor of b and z?
4
Suppose 2*c = 11*c - 81. Let a be (6 - 5)*18/1. Calculate the highest common factor of a and c.
9
Suppose 10*v - 12*v - 12 = 0. Let m be ((-4)/v)/((-5)/150*-4). What is the highest common divisor of m and 25?
5
Suppose -4*l = -4*g + 120, 4*g + 5*l = 2*g + 88. Suppose -26*r + 19*r + 595 = 0. Calculate the highest common factor of g and r.
17
Let r be (224/(-120))/(-14) - (-6924)/45. What is the highest common divisor of 176 and r?
22
Let k(a) = 5*a - 2. Let o be (3 + -2)/(1/(-5)). Let i be k(o). Let s = i - -45. What is the greatest common divisor of s and 45?
9
Suppose 19 = 2*r + 17. Let v be (r + 9)*((-10)/4 + 5). Calculate the highest common factor of v and 10.
5
Let g = -75 - -77. Let b be 0/7 + 1*g. What is the greatest common divisor of 22 and b?
2
Suppose -26*g = -27*g + 99. Calculate the highest common factor of 55 and g.
11
Suppose -b = 4*g - 185, -g = 3*g + 2*b - 190. Suppose 2*n + 22 = t, 3*t + n = -0*n + g. Calculate the highest common factor of 32 and t.
16
Suppose -3*b = -9*b + 204. Let z = -16 + b. Calculate the greatest common divisor of z and 90.
18
Let s = -12 + 24. Suppose 5*k = 6*k - s. Calculate the greatest common factor of k and 60.
12
Let x(n) = n**2 - 7*n + 20. Let l be x(8). Suppose 0 = -15*k + l*k - 312. Calculate the highest common divisor of k and 16.
8
Suppose -5*w = 2*v - 125, -5*v = -5*w - 51 - 244. Calculate the highest common factor of v and 270.
30
Let y = -139 + 175. Calculate the greatest common divi